3 + 22*q**2 + 18*q + 20*q - 2*q**3 - 39. Give i(-22).
5
Let a(u) = u + 18. Suppose 0 = -3*n + 6*j - 5*j + 16, -j = -5*n + 26. Suppose z + n*q + 38 = 0, 2*z + 0*z = 5*q - 16. Calculate a(z).
0
Let s(w) = -323*w + 3. Let j(x) = -104*x + 1. Let l(n) = 26*j(n) - 8*s(n). Give l(-1).
122
Let r(u) = u**3 + 2 - 803*u + 4*u**2 + 803*u. Suppose -3*q = -16*q - 39. Determine r(q).
11
Suppose -5*j - 4 = m - 16, 15 = 2*m + j. Let n(o) = -m*o**2 + o**2 + 5*o**2 + 74*o + 6 - 81*o. Determine n(-9).
-12
Let u(y) = -6*y + 113. Let v be 7 + (-135)/20 - (-249)/12. Calculate u(v).
-13
Let i(w) = -w**3 + 5*w**2 + 4*w - 6. Let s be ((-9)/((-9)/62))/1. Suppose 0 = -5*r - s + 167. Let p = r - 16. Give i(p).
14
Let j(n) = n**3 + 13*n**2 + n + 20. Let x be j(-13). Let y(p) = 6*p - 14. Let h(z) = -5*z + 12. Let b(k) = x*h(k) + 6*y(k). What is b(-7)?
-7
Let m(j) = j**2 - 3. Suppose x - 224 = 4*f - x, 220 = -4*f + 3*x. Let o = f + 80. Suppose 11*v + o + 11 = 0. Calculate m(v).
6
Let d(t) = 33 - t - 105 + 35 + 7. Give d(-15).
-15
Let z(a) = 6*a**3 + 4*a**2 + a - 4. Suppose -134 + 248 = -200*t - 286. Give z(t).
-38
Let i(z) = -2 + 8*z + 15500*z**3 - 7740*z**3 - 7757*z**3 + 3 + 5*z**2. What is i(-4)?
-143
Let q(r) = -1 + 9*r**2 + 9*r**2 + 14*r**2 + 4*r + 5*r**2 - 38*r**2. What is q(9)?
-46
Let j = 13308 - 13323. Let b(z) = -z**3 - 17*z**2 - 33*z - 37. Determine b(j).
8
Suppose 16*f - 18 = 14. Suppose 2*q - 15 = -5*k, -3*k - f*q + 5 = -0*q. Let z(x) = -x**3 + 5*x**2 - 5*x + 6. What is z(k)?
-19
Suppose 0 = 4*l - 2*g - 36, -5*l - 2*g + 52 - 16 = 0. Let i(y) = 5 + 4*y + 7*y + 10 - 12*y + 3 + 3. Determine i(l).
13
Let l(k) = -k**3 - 20*k**2 - 39*k - 44. Suppose -5*v - 3 = j, 231*j - 4*v = 235*j + 60. Give l(j).
10
Let p(o) be the third derivative of -o**7/5040 - o**6/240 + o**5/10 - o**4/6 - 116*o**2. Let w(a) be the third derivative of p(a). What is w(4)?
-7
Let y(p) = 58*p - 573. Let s = -4286 - -4296. Give y(s).
7
Suppose -199*a - 22 = -188*a. Let g(d) = 7*d - 6 + 14 + 5. Let n be g(a). Let k(u) = -4*u**2. What is k(n)?
-4
Let h(n) = -n - 34. Let y(z) = -227*z + 667. Let d be y(3). What is h(d)?
-20
Let t(d) be the second derivative of -1/20*d**5 - d**4 + 12 + 5*d**2 - 5*d + 13/6*d**3. Give t(-13).
10
Let v = -9848 + 9878. Let u(b) = -2*b**2 + 61*b - 35. What is u(v)?
-5
Let r(a) = 3*a**3 - 14. Let j(c) = 2. Let s(n) = -14*j(n) - 2*r(n). Suppose 0 = -2*m + 8, 30 = 3*d + 5*m + 7. What is s(d)?
-6
Suppose 12 = 5*k + 2. Let p(g) = -5*g**2 - 172*g - 33. Let v be p(-34). Let b(z) = z**3 + 36*z + 2*z**2 - 5*z**2 - 1 - v*z. What is b(k)?
-3
Let b(p) = -p**3 - 4*p**2 + 9*p + 1. Let z be (1/(-6)*-4)/((-8)/(-12)). Let c be (z/(-2))/((-9)/(-108)). Give b(c).
19
Let k be (-3)/(-1) + 0 + 4 + -1. Let z(x) = -k + 0*x**2 + 140*x - 146*x + 5*x**2. Let w(u) = -u**2 + u + 1. Let r(i) = 6*w(i) + z(i). Give r(1).
-1
Let n(y) = -2*y - 4. Let o = -70 + 59. Let a(k) = -2*k - 2. Let g(j) = o*a(j) + 6*n(j). Determine g(3).
28
Let k(j) = 9*j + 17. Let f(p) = 4*p + 9. Let d(x) = -7*f(x) + 3*k(x). Suppose -3*w - 8 - 10 = -4*t, 4*t - 30 = 5*w. What is d(w)?
-6
Let u be 18/30*(-2360)/(-177). Let n(i) = -2*i**2 + 18*i + 3. Determine n(u).
19
Suppose p - 6*p + 70 = 5*a, 0 = 2*p + 5*a - 37. Suppose -5*t + 19 = -p. Let o(z) = -t*z - 1 - z + 9*z - 3*z. Give o(-6).
5
Let y be (-2)/(-4)*8 - 1. Suppose q = -0*t + 3*t - 61, -4*t + 79 = q. Let g(r) = 10 - t + r - 8*r**y + r**2 + 9. Give g(1).
-7
Suppose 4*b = 4*d + 16, 268*d + 2*b = 269*d + 3. Let k(g) = g**3 + 3*g**2 + 5*g + 7. Give k(d).
-68
Let h(m) be the first derivative of -m**3/3 + 5*m**2/2 - 3*m - 2857. Let v be (-2)/(-10) - 144/(-30). Give h(v).
-3
Let c = -55 - -58. Suppose -5*a - c*n = -0*n + 31, -4*a - 2*n = 26. Let r(i) = -i**3 - 8*i**2 + 2*i + 4. Give r(a).
-12
Let c = -41980 - -41980. Let k(n) be the first derivative of -20 + c*n**2 - n + 4/3*n**3. What is k(1)?
3
Let y(s) = -7*s**2 - 5*s - 10*s + 4*s**2 + 32 + 12*s**2 - 8*s**2. Determine y(8).
-24
Suppose 14*r - 16*r - 2 = -v, v - 2 = -r. Let u(p) = -11*p**2 + 8*p - 11. Calculate u(v).
-39
Let k be 5/(-2)*46/115. Let d be 3/(k/(0 + 3)). Let v(x) = x**3 + 10*x**2 + 10*x + 3. What is v(d)?
-6
Let f be (-1)/(6/(-15)) + 2/(-4). Suppose 0 = l + 4*q - 9, 0 = -f*l + 2*q + 2*q - 30. Let t(y) = -y**2 - 8*y + 4. What is t(l)?
11
Let n(d) be the third derivative of -d**4/8 - d**3/3 + 1968*d**2. Determine n(-6).
16
Let x = -2 - -4. Let a(t) = -2*t**2 + 4*t + 1. Let z be a(x). Let u(m) = -11*m + 30*m - 11*m - 10*m. Give u(z).
-2
Suppose -3*s - 4*q = -5*q - 11, 3*s + q - 1 = 0. Suppose -3 - 7 = -5*i. Let c(g) = -i - 8*g**2 - 2*g + 16*g**s - 5*g**2. What is c(2)?
6
Let q(l) be the second derivative of 5/2*l**2 - 1/6*l**3 + 0 + 25*l. Determine q(-3).
8
Let h(l) = 2*l**3 - 37*l**2 + 73*l**2 - 32*l**2 - 6. Let o be h(-4). Let w be (2/7)/((-20)/o). Let c(d) = -3*d - 1. Determine c(w).
-4
Let h(a) = 7*a**3 - a**2 + a - 1. Let d be h(1). Let x be 18/(-5)*40/(-16). Let k(c) = -1885*c + 0 - x + 1886*c. Determine k(d).
-3
Let q be 7 + -4 + 3 + -3. Let z be q*(-10)/(-3) - (-1 + 5). Let o(y) = -2*y - 7. Let j(h) = -h - 1. Let g(n) = 4*j(n) - o(n). Give g(z).
-9
Let u(q) be the first derivative of -5*q**3/3 + q**2/2 + 3*q + 2277. Calculate u(2).
-15
Let a(s) = -4 - 5*s - s + 15*s - 8*s + 33*s**2 - 32*s**2. What is a(-4)?
8
Suppose 6 = 8*h - 154. Let c = h + -16. Let y(p) be the third derivative of -p**6/120 + p**5/30 + 5*p**4/24 - p**3 + p**2. What is y(c)?
-18
Let t(g) = g**2 + 4*g + 6. Let w be t(-4). Let k be (-22)/(-6) - 4/w. Let a(j) = 22 + 49 + j**2 - 94 + 23 - j. What is a(k)?
6
Let c(d) = 205*d - 30 - 192*d + 20. What is c(-3)?
-49
Let w(y) = 1 + y - 2 + y**2 + 2*y - 2*y**2. Let i(q) = -4*q - 6. Let h be i(0). Let m be ((-14)/6 - -3)/((-2)/h). What is w(m)?
1
Suppose 52 = -2*l - 142. Let b = l + 61. Let i = b + 34. Let v(c) = -c**3 - 3*c**2 + 3*c + 3. What is v(i)?
-7
Let s(v) = v**2 - 18*v + 39. Suppose 3*x - 52 = -2*k, 0 = 5*k + 3*x - 1 - 102. Determine s(k).
22
Let t = -3656 + 3652. Let o(r) = r**3 + 2*r**2 - 8*r - 2. What is o(t)?
-2
Let d(v) = -v**3 + 7*v**2 + 8. Let y = 9181 - 9173. Determine d(y).
-56
Let x = -407 + 399. Let u be -35 + 30 - 1*x. Let r(a) = -a**3 + 3*a**2 + 3. Give r(u).
3
Let z(x) be the second derivative of 66*x - 3/2*x**2 + 0 - 1/3*x**3. What is z(-2)?
1
Suppose -k + 4*k - 6 = 0, l + 2*k - 19 = 0. Let z(b) = -2*b - 9. Let r(d) = -3*d - 6. Let a(f) = r(f) - z(f). What is a(l)?
-12
Let i(q) = -q**2 - 19*q + 3. Let w(c) = 3*c**2 + 64*c - 8. Let m(a) = -7*i(a) - 2*w(a). Calculate m(-5).
-5
Let j(s) be the first derivative of s**4/4 + 5*s**3/3 - s**2/2 - 2*s + 144. Let m be j(-5). Let l(i) = 2 - i + 0*i + 3. Determine l(m).
2
Let i(j) be the second derivative of 7*j**4/12 + 11*j**3/3 - 11*j**2 + 1152*j. Determine i(1).
7
Let s be 392/18 + (-12)/(-54). Suppose 32*f - 28*f + 44 = 5*t, -3*f = -t + s. Let b(u) = -u**3 - 4*u**2 + 10*u + 7. Give b(f).
19
Let o(j) = -2*j**2 + 191 - 3*j - 190 + j. Let v(x) = -4*x**2 + 82*x - 110. Let b be v(19). Give o(b).
-39
Suppose 0 = 47*f - 318 - 61 - 44. Let m(h) = 2*h**2 - 12*h. Determine m(f).
54
Let w = -194 - -197. Let l(f) = 189*f - 96*f - 16*f**w - 94*f. What is l(1)?
-17
Let k(q) be the third derivative of -q**6/60 - q**5/30 - q**4/24 - 2*q**2 - 1878*q. Give k(-1).
1
Let f(a) = -5*a**2 - 11 + 15*a**2 + 3 - 5*a**2 - a**3 + 8*a. Suppose 5*z + 5*k = 35, 0 = -3*z - k + 2*k + 17. What is f(z)?
4
Let s(m) = m**2 + 8*m + 30. Let n be s(-5). Suppose -n = -2*c - a, -69*a + 74*a = 5*c - 15. Let d(p) = -p**2 + 7*p + 2. What is d(c)?
8
Let a(f) = -f**3 - 10*f**2 - 2*f - 18. Let s(h) = 23*h - 838. Let o be s(36). Give a(o).
2
Let v(i) = 15*i - 92. Let y(b) = 13*b - 78. Let o(c) = -6*v(c) + 7*y(c). Calculate o(0).
6
Let i = 57 - 35. Let t(c) = 25*c**2 - 7*c + 5*c - i*c**2 - 7. Let u(h) = -h**2 - h. Let q(o) = -t(o) - 2*u(o). What is q(5)?
2
Let p(n) be the first derivative of n**3/3 + n**2 - 19*n - 1663. Give p(6).
29
Suppose 0 = 3*k - 9*k + 36. Let q(g) = -g + 10. Let r be q(k). Let u(m) = -4 - 2*m + 4*m - r*m + m**2. What is u(4)?
4
Let u(k) = -8 + 4 - 24 + 9*k**2 + 22 + 5. Let r(v) = -2*v - 33. Let z be r(-16). Calculate u(z).
8
Let p(w) = w**3 + 5*w**2 + w - 2. Let v(o) = 81*o - 321. Let d be v(4). Suppose 5*i = -2*g - 20, d*i - 4 = 4*i - 3*g. Calculate p(i).
10
Let 